he highest common factor of 84 and c.
21
Let k = -50 - -65. Let y = -97 - k. Let n = -99 - y. What is the highest common factor of 1 and n?
1
Suppose -4*w + z + 4 = -6*w, -z = 5*w + 4. Suppose -x + 2*v + 38 = w, 3*x - 134 = 6*v - 5*v. Calculate the greatest common factor of x and 46.
46
Let v = 6680 - 6617. What is the highest common factor of 651 and v?
21
Let p = 1 - -6. Let a be 54/p - 6/(-21). Let t be (-352)/(-308) + 264/14. Calculate the highest common factor of a and t.
4
Let n = -284 - -289. Suppose -p - 425 = 5*a - 2685, 0 = 4*a - n*p - 1779. What is the highest common factor of 41 and a?
41
Suppose 0 = -159*k + 46588 + 4064 + 31233. What is the greatest common factor of k and 45?
5
Let b = -33 - -65. Suppose -10*s - s = 3*s. Suppose m + 4*m - u - 1758 = s, 4*u = 8. Calculate the highest common divisor of b and m.
32
Suppose -5*u - 19 + 129 = 5*b, -u - 68 = -4*b. Suppose -b*l - 65 + 317 = 0. What is the highest common divisor of 7 and l?
7
Suppose 0 = -a - 2*k + 38, -7*k + 2*k + 5 = 0. Calculate the greatest common factor of 1500 and a.
12
Suppose -322 = 8*h - 1618. Let g = h - 144. Suppose -5*o + 36 = -3*o. Calculate the greatest common factor of g and o.
18
Suppose 6*a = 5*a + 2*a - 20. Calculate the greatest common factor of 12020 and a.
20
Let y = 10 + -1. Suppose -3*s - 4*n = -190 - 300, -5*s - 3*n + 824 = 0. Let h = s + -94. What is the greatest common factor of y and h?
9
Suppose 0 = 3*y - 4*y + 164. Suppose -2*q + 60 = -y. Calculate the highest common divisor of 24 and q.
8
Suppose -2*t + 339 = a - 35, 5*t = -a + 389. Calculate the greatest common divisor of a and 1664.
52
Suppose -3452 - 104 = -7*v. Let j = -476 + v. Suppose -4*p = -0 - 32. Calculate the highest common factor of p and j.
8
Let c be (-11 - -9)/((-2)/3). Suppose s - 5*b - 19 = -7*b, -c*b = 4*s - 81. Calculate the greatest common divisor of 21 and s.
21
Let r(g) = 3*g**2 - 233*g + 3249. Let p be r(15). What is the greatest common factor of p and 624?
39
Let q(f) = 92*f - 543. Let o be q(6). Calculate the greatest common factor of o and 5823.
9
Suppose 1 + 3 = p, -3*p = 3*z - 1422. Suppose 0 = 2*y - 4*o - 340, 4*o - z = -3*y - 0*o. What is the greatest common divisor of 18 and y?
18
Let b(q) = -q**3 - 8*q**2 - 14*q + 6. Let v be 210/(-30)*(-2 + (-40)/(-14)). Let y be b(v). What is the highest common divisor of 150 and y?
6
Suppose -2*i + 2193 = i + 3*g, 4*i + 3*g - 2919 = 0. Suppose i = -8*n + 2214. What is the highest common divisor of n and 6?
6
Let n = 6827 + -4491. Calculate the greatest common divisor of n and 32.
32
Suppose 2*k - 3*k + 5 = 0. Let l be (-10 + k)*6/(-2). Let i be 3/(-6) + (-559)/(-86). Calculate the greatest common factor of i and l.
3
Let l(n) = -16*n**2 - 117*n + 40. Let z be l(-7). Calculate the greatest common factor of z and 925.
25
Suppose -38*n + 89986 + 87436 = 0. What is the greatest common divisor of 644 and n?
161
Let n(a) = 76*a**2 + 48*a + 243. Let v be n(-6). What is the greatest common divisor of 156 and v?
39
Let d be ((-434)/28)/(-1*(-4)/(-8)). Suppose -34 = -4*q + 2*o, 45*o - d = -q + 50*o. Calculate the greatest common divisor of 16 and q.
2
Let v = -67 + 67. Suppose -2*d = 2, -4*r = -v*r - d - 73. Calculate the greatest common divisor of r and 9.
9
Suppose 752*g - 820*g = -1020. Suppose -4*b - 397 = -2*j - 147, -3*b = -j + 130. Let w = j - -20. What is the greatest common factor of w and g?
15
Let u(q) = -100*q + 2. Let m be u(-1). Let y = m - 85. Suppose -11*f + y = -10*f. Calculate the highest common factor of f and 17.
17
Let m = -117 - -225. Suppose -172*k + 167*k - 3*w + 1482 = 0, 5*w = 10*k - 2975. Calculate the greatest common divisor of k and m.
27
Suppose 52 = 4*u + 5*l - 33, 2*l + 35 = 3*u. Let i be u/2*(-152)/(-95). Calculate the greatest common divisor of i and 24.
12
Let a be (50/1)/((-24)/72). Let f = -54 - a. What is the greatest common factor of 32 and f?
32
Let j(s) be the second derivative of 2*s**4/3 + 25*s**3/2 + 7*s**2/2 - 15*s - 2. Let t be j(-13). What is the greatest common divisor of 24 and t?
24
Let w be (0 - (11 - 4 - 4))/(-1). Suppose -186 = -2*h - m, 289 = w*h + 6*m - 2*m. Calculate the greatest common factor of 13 and h.
13
Suppose 7*b = -19*b + 1144. Let g be (b/7)/((-16)/(-56)). Let u = -5 + 203. Calculate the highest common factor of g and u.
22
Let y be (-6 - -1) + 7 + 3 + 3. Suppose 4*q + s - 234 = -s, -q + 46 = -2*s. What is the greatest common factor of q and y?
8
Suppose 3*y = -12, -8*l - y + 70370 = -5*l. What is the greatest common factor of 74 and l?
74
Let c = 5 + -134. Let z = c - -134. What is the highest common divisor of 170 and z?
5
Let u(i) = 2*i**3 - 35*i**2 + 16*i + 17. Let p be u(17). Suppose -a - 38 + 110 = p. Calculate the greatest common factor of 396 and a.
36
Suppose 41 - 45 = -2*y. Suppose y*z - 347 - 1431 = 0. Suppose 0 = k + 2, 2*k + 242 = -3*q + z. Calculate the greatest common divisor of q and 31.
31
Let z = -345 - -369. Suppose 10*c - 88 = -8. What is the highest common divisor of z and c?
8
Let c(l) = 156*l + 636. Let j be c(-4). What is the greatest common factor of 500 and j?
4
Let i = 31870 - 28840. What is the highest common divisor of 30 and i?
30
Let z be 5/2*128/40 - 4. Suppose 0 = 2*l - 3*w - 342, -7*l + 512 = -z*l - 4*w. Calculate the greatest common factor of 12 and l.
12
Suppose -828 = 24*q - 42*q. What is the highest common factor of q and 2369?
23
Let y = 2265 + -2101. Calculate the greatest common divisor of 16 and y.
4
Let f(o) = 108*o - 1103. Let k be f(11). Calculate the greatest common factor of 1615 and k.
85
Let i(t) = 114*t**2 + 3*t + 2. Let m be i(-1). Let v = -97 + m. Suppose 0 = -c + 4*c - 24. Calculate the greatest common factor of c and v.
8
Let s(k) = 6*k**2 + 12*k + 8. Let b be s(6). Let p be b + -4*18/(-24). Calculate the highest common divisor of p and 23.
23
Let i = -4 - -4. Let g be 5/10*i/(-3). Let b(a) = a + 4. Let v be b(g). Calculate the highest common factor of v and 8.
4
Let o(j) = j**3 - 36*j**2 - 35*j - 19. Let v(l) = l + 60. Let p be v(-23). Let u be o(p). What is the greatest common factor of u and 11?
11
Let q(c) = -32 + 6 - c + 7*c + c**2 + 14. Let g be q(-9). Calculate the greatest common divisor of 30 and g.
15
Suppose -4*p = -343 + 103. Let f be 392/16 - (2/4 - 0). Suppose -k = k - f. What is the greatest common divisor of p and k?
12
Suppose -34*n + 51899 - 15213 = 0. What is the highest common divisor of n and 13?
13
Suppose 2*f - 12 = 4*o, 5*f = -0*f - 5*o + 45. Let u(v) = -4*v**3 - 5*v**2 - 3*v + 2. Let s be u(-2). Calculate the greatest common divisor of s and f.
4
Let d(x) = 52*x - 8 + 16 - 10. Let h be d(2). Let i = 182 - h. Calculate the highest common divisor of 32 and i.
16
Suppose -4*m + 8 = -4*p, -m + 5*p + 7 = 3*p. Let v(a) = 3*a**2 + 13. Let c be v(m). Suppose -b = b - 200. What is the greatest common divisor of c and b?
20
Let j = -35 - -66. Let u = 55 - j. Let m(k) = -k**3 - 28*k**2 + 32*k + 90. Let d be m(-29). Calculate the greatest common divisor of u and d.
3
Let w = -560 - -325. Let d = w - -293. What is the highest common divisor of 87 and d?
29
Let q = 42 - -4. Let k be 4*(q/8 + -5). What is the greatest common factor of 3 and k?
3
Let g = 36 + -30. Suppose -g*l = -259 + 55. Let y = 54 - l. What is the highest common divisor of y and 4?
4
Suppose 4*r = -2*p + 1364, -1747 = -3*p - 3*r + 302. Calculate the greatest common factor of 1938 and p.
114
Suppose 43*f - 105300 = -22*f - 13*f. Calculate the highest common divisor of f and 250.
50
Suppose 31 = 8*f + 103. Let n = f + 9. Suppose n*y + 3*y = 132. Calculate the highest common factor of 4 and y.
4
Let r(c) = 965*c**2 + 135*c + 145. Let b be r(-1). What is the highest common factor of b and 150?
75
Let m be 3/(21/910) + (1 - 24/(-6)). What is the greatest common factor of m and 1440?
45
Let j be (-2)/(-3)*-6 + 1. Let k(o) = -11*o + 9. Let n be k(j). Let u be (4 - (-28)/(-3))*n/(-4). Calculate the greatest common factor of 14 and u.
14
Let f = -44 - -148. Suppose -4*o = -3*n + f, 4*o - 5*o = -2*n + 61. Calculate the highest common divisor of 70 and n.
14
Suppose 5*o = 2*r + 37 + 2, -2*o + 5*r + 3 = 0. Let z = 634 - 427. Calculate the highest common factor of z and o.
9
Suppose 5*m - 10 = -5*b, 2*m - m + 2*b = 0. Suppose 5*x + 21 = m*n, 0 =